{"id":1132,"date":"2018-02-10T10:35:23","date_gmt":"2018-02-10T10:35:23","guid":{"rendered":"http:\/\/themebubble.com\/demo\/hotelluxe\/?page_id=4"},"modified":"2025-12-23T12:28:48","modified_gmt":"2025-12-23T12:28:48","slug":"hotel-suites-feria-de-madrid-ifema","status":"publish","type":"page","link":"https:\/\/www.hotelsuitesferiademadrid.com\/web\/","title":{"rendered":"Hotel Suites Feria de Madrid"},"content":{"rendered":"<p>[vc_row full_width=\u00bbstretch_row_content_no_spaces\u00bb][vc_column]<div  class=\"hero-slider hero-slider--booking style4 hero-slider__big\" data-autoplay=\"false\" data-loop=\"false\" data-speed=\"5000\"><div class=\"hero-slider__items\"><div class=\"hero-slider__item has-overlay\" style=\"background-image: url(https:\/\/www.hotelsuitesferiademadrid.com\/web\/wp-content\/uploads\/2022\/05\/habitacion-hotel-suites-feria-de-madrid.jpg);\"><div class=\"hero-slider__wrap jumbotron-text__content\"><div class=\"subtitle subtitle--slider\">Buenvenidos al Hotel Suites Feria de Madrid<\/div><div class=\"title title--slider\">Centrado en el cuidado<br \/>\nde cada detalle<\/div><div class=\"hero-slider__btn__wrapper text-center\"><a href=\"https:\/\/www.hotelsuitesferiademadrid.com\/web\/habitaciones-hotel-suites-feria-de-madrid\/\" target=\"_self\" title=\"Habitaciones Hotel Suites Feria de Madrid\" class=\"hero-slider__btn\">Saber M\u00e1s<\/a><\/div><\/div><\/div><\/div><\/div>[\/vc_column][\/vc_row][vc_row full_width=\u00bbstretch_row_content_no_spaces\u00bb][vc_column]<div  class=\"empty-space  marg-lg-b80 marg-xs-b50\"><\/div>[\/vc_column][\/vc_row][vc_row][vc_column width=\u00bb1\/2&#8243;]<div  class=\"empty-space  marg-lg-b15\"><\/div><img decoding=\"async\"  class=\"img-responsive  \" src=\"https:\/\/www.hotelsuitesferiademadrid.com\/web\/wp-content\/uploads\/2022\/01\/bienvenidos-hotel-suites-feria-de-madrid-1.jpg\" alt=\"\">[\/vc_column][vc_column width=\u00bb1\/2&#8243;]<div  class=\"empty-space  marg-lg-b20\"><\/div><link href='http:\/\/fonts.googleapis.com\/css?family=Old+Standard+TT:400' rel='stylesheet' type='text\/css'><h1  class=\"special-text\" style=\" font-family:Old Standard TT, san-serif; font-size:32px; font-weight:400; color:#111111;\"><p>Bienvenidos al Hotel Suites Feria de Madrid<\/p>\n<\/h1><div  class=\"special-text\" style=\" font-size:16px; font-weight:300; line-height:1.7em; color:#666666;\"><p>El Hotel Suites Feria de Madrid est\u00e1 situado a 100 metros de la estaci\u00f3n de metro Esperanza y ofrece recepci\u00f3n las 24 horas, conexi\u00f3n Wi-Fi gratuita y habitaciones con TV canales v\u00eda sat\u00e9lite. Un Hotel acogedor y centrado en el cuidado de cada detalle. Todas las habitaciones disponen de ba\u00f1o privado con ducha, amenities y secador de pelo. El Restaurante, abierto desde las 7:30H (L-V) y 8:00H (S, D y Festivos), les ofrece un variado desayuno continental, un Men\u00fa Ejecutivo a mediod\u00eda y Cenas a la Carta a precios muy competitivos. Nos encontramos a poca distancia de una zona de Ocio y Centros Comerciales muy exclusivos como el Arturo Soria Plaza o el Palacio de Hielo. En la puerta del Hotel est\u00e1 la parada de autobuses 120 y 122 con buenas conexiones para visitar Madrid. Estos autobuses terminan su recorrido en el Ferial o en el Estadio Santiago Bernabeu. Nuestro equipo, formado por profesionales con gran calidad humana, estar\u00e1 encantado de recibirles, atenderles y resolver todas sus peticiones tanto en el Hotel como en el Restaurante.<\/p>\n<\/div>[\/vc_column][\/vc_row][vc_row full_width=\u00bbstretch_row_content_no_spaces\u00bb][vc_column]<div  class=\"empty-space  marg-lg-b80 marg-xs-b50\"><\/div><div class=\"hb-divider__seperator\" style=\" background:#eaeaea;\"><\/div>[\/vc_column][\/vc_row][vc_row][vc_column]<div  class=\"empty-space  marg-lg-b80 marg-xs-b50\"><\/div><div  class=\"main-heading\"><span class=\"subtitle\">HABITACIONES Y SUITES<\/span><h2 class=\"title\" style=\"color:#111111;\">Comodidad y dise\u00f1o<\/h2><\/div><div  class=\"empty-space  marg-lg-b30\"><\/div>[\/vc_column][\/vc_row][vc_row gap=\u00bb10&#8243;][vc_column width=\u00bb1\/2&#8243;]<div  class=\"empty-space  marg-lg-b20\"><\/div><div  class=\"special-text\" style=\" font-size:16px; font-weight:300; line-height:1.7em; color:#666666;\"><p>Todas nuestras habitaciones est\u00e1n equipadas con la mejor tecnolog\u00eda, acceso a Internet con Wifi gratuito y posibilidad de Wifi port\u00e1til, pantallas TV LCD donde podr\u00e1n disfrutar de televisi\u00f3n por sat\u00e9lite y un amplio set de complementos para su aseo personal.<\/p>\n<p>Habitaciones con diferentes tipos y usos:<\/p>\n<p><strong>Habitaciones dobles para 1 \u00f3 2 personas:\u00a0<\/strong>Dise\u00f1o, comodidad y tecnolog\u00eda.<\/p>\n<p><strong>Habitaciones dobles con cama supletoria:\u00a0<\/strong>Un espacio donde tres adultos o parejas con un ni\u00f1o pueden compartir la misma habitaci\u00f3n al mejor precio.<\/p>\n<p><strong>Suites familiares:\u00a0<\/strong>El mejor lugar donde alojarse hasta familias de 6 personas con dos ba\u00f1os completos y estancia por duplicado.<\/p>\n<p><strong>Suites superiores:\u00a0<\/strong>Cama matrimonial junto a un espacioso sal\u00f3n donde relajarse o completar su viaje de negocios.<\/p>\n<\/div>[\/vc_column][vc_column width=\u00bb1\/2&#8243;]<div  class=\"empty-space  marg-lg-b15\"><\/div><div  class=\"block mb-0 block--image-gallery\"><div class=\"block__content\"><div class=\"image-gallery\"><div class=\"image-gallery__main\"><div class=\"image-gallery__item\"><img decoding=\"async\" src=\"https:\/\/www.hotelsuitesferiademadrid.com\/web\/wp-content\/uploads\/2022\/01\/d20895de-f93f-455d-84e7-bfcc782b786c-748x400.jpg\" alt=\"\"><\/div><div class=\"image-gallery__item\"><img decoding=\"async\" src=\"https:\/\/www.hotelsuitesferiademadrid.com\/web\/wp-content\/uploads\/2022\/01\/d6de1be3-6382-43a9-bbf5-265b72cd07c1-748x400.jpg\" alt=\"\"><\/div><div class=\"image-gallery__item\"><img decoding=\"async\" src=\"https:\/\/www.hotelsuitesferiademadrid.com\/web\/wp-content\/uploads\/2022\/01\/c99db4dd-ddb9-4ecc-a4c0-054a7034db78-748x400.jpg\" alt=\"\"><\/div><div class=\"image-gallery__item\"><img decoding=\"async\" src=\"https:\/\/www.hotelsuitesferiademadrid.com\/web\/wp-content\/uploads\/2022\/01\/b763ffc8-1cd4-45fd-94c7-812b7b72f54c-748x400.jpg\" alt=\"\"><\/div><\/div><ul class=\"image-gallery__thumbs\"><li class=\"image-gallery__thumb\"><button class=\"image-gallery__button\"><img decoding=\"async\" src=\"https:\/\/www.hotelsuitesferiademadrid.com\/web\/wp-content\/uploads\/2022\/01\/d20895de-f93f-455d-84e7-bfcc782b786c-178x95.jpg\" alt=\"\"><\/button><\/li><li class=\"image-gallery__thumb\"><button class=\"image-gallery__button\"><img decoding=\"async\" src=\"https:\/\/www.hotelsuitesferiademadrid.com\/web\/wp-content\/uploads\/2022\/01\/d6de1be3-6382-43a9-bbf5-265b72cd07c1-178x95.jpg\" alt=\"\"><\/button><\/li><li class=\"image-gallery__thumb\"><button class=\"image-gallery__button\"><img decoding=\"async\" src=\"https:\/\/www.hotelsuitesferiademadrid.com\/web\/wp-content\/uploads\/2022\/01\/c99db4dd-ddb9-4ecc-a4c0-054a7034db78-178x95.jpg\" alt=\"\"><\/button><\/li><li class=\"image-gallery__thumb\"><button class=\"image-gallery__button\"><img decoding=\"async\" src=\"https:\/\/www.hotelsuitesferiademadrid.com\/web\/wp-content\/uploads\/2022\/01\/b763ffc8-1cd4-45fd-94c7-812b7b72f54c-178x95.jpg\" alt=\"\"><\/button><\/li><\/ul><\/div><\/div><\/div>[\/vc_column][\/vc_row][vc_row][vc_column]<div  class=\"empty-space  marg-lg-b120 marg-xs-b50\"><\/div>[\/vc_column][\/vc_row][vc_row full_width=\u00bbstretch_row_content_no_spaces\u00bb][vc_column]<div  class=\"jumbotron has-overlay jumbotron--lg\"  data-image=\"https:\/\/www.hotelsuitesferiademadrid.com\/web\/wp-content\/uploads\/2022\/01\/IFEMA-FERIA-DE-MADRID.jpg\"><div class=\"row\"><div class=\"col-md-12 jumbotron-text__content\"><a class=\"hb-video__anchor\" data-video=\"https:\/\/www.youtube.com\/embed\/_upp0qt6Yyc?autoplay=1\"><i \n  class=\"icon-single fa fa-youtube-play\"><\/i><\/a><div class=\"hb-video__popup\"><div class=\"hb-video__caption\"><\/div><div class=\"hb-video__table\"><div class=\"hb-video__cell\"><div class=\"embed-responsive embed-responsive-16by9\"><iframe class=\"embed-responsive-item\" src=\"about:blank\"><\/iframe><div class=\"hb-video__close\"><\/div><\/div><\/div><\/div><\/div><div class=\"spacing\" style=\"height: 30px\"><\/div><div class=\"subtitle subtitle--lg\">UNA UBICACI\u00d3N INMEJORABLE<\/div><div class=\"title title--lg\">CERCA DE IFEMA DE MADRID<\/div><\/div><\/div><\/div>[\/vc_column][\/vc_row][vc_row][vc_column]<div  class=\"empty-space  marg-lg-b100 marg-xs-b50\"><\/div><div  class=\"main-heading\"><span class=\"subtitle\">Pensados para Usted<\/span><h2 class=\"title\" style=\"color:#111111;\">Nuestro servicios<\/h2><\/div><div  class=\"empty-space  marg-lg-b30 marg-xs-b30\"><\/div>[\/vc_column][\/vc_row][vc_row][vc_column width=\u00bb1\/4&#8243; offset=\u00bbvc_col-xs-6&#8243;]<a  href=\"https:\/\/www.hotelsuitesferiademadrid.com\/web\/ventajas-club\/\" title=\"Ventajas Club\" target=\"_self\" class=\"icon mb-0 mt-0 icon--style-1\"><div class=\"icon__wrapper\"><div class=\"icon__front\"><div class=\"icon__wrap\"><div class=\"icon__media\"><img decoding=\"async\" src=\"https:\/\/www.hotelsuitesferiademadrid.com\/web\/wp-content\/uploads\/2022\/04\/club.png\" alt=\"\"><\/div><h3 class=\"icon__title\">Ventajas Club<\/h3><div class=\"icon__text\">Disfruten desde su primer estancia de las ventajas del club.<\/div><\/div><\/div><div class=\"icon__back\"><img decoding=\"async\" class=\"icon__background\" src=\"https:\/\/www.hotelsuitesferiademadrid.com\/web\/wp-content\/uploads\/2022\/04\/club2.png\" alt=\"\"><\/div><\/div><\/a><div class=\"empty-space marg-xs-b15\"><\/div>[\/vc_column][vc_column width=\u00bb1\/4&#8243; offset=\u00bbvc_col-xs-6&#8243;]<a  href=\"https:\/\/www.hotelsuitesferiademadrid.com\/web\/hotel-suites-feria-de-madrid\/\" title=\"El Hotel\" target=\"_self\" class=\"icon mb-0 mt-0 icon--style-1\"><div class=\"icon__wrapper\"><div class=\"icon__front\"><div class=\"icon__wrap\"><div class=\"icon__media\"><img decoding=\"async\" src=\"https:\/\/www.hotelsuitesferiademadrid.com\/web\/wp-content\/uploads\/2022\/04\/atencion.png\" alt=\"\"><\/div><h3 class=\"icon__title\">Atenci\u00f3n personalizada<\/h3><div class=\"icon__text\">Garantizamos el mejor servicio y una atenci\u00f3n personalizada<\/div><\/div><\/div><div class=\"icon__back\"><img decoding=\"async\" class=\"icon__background\" src=\"https:\/\/www.hotelsuitesferiademadrid.com\/web\/wp-content\/uploads\/2022\/04\/atencion2.png\" alt=\"\"><\/div><\/div><\/a><div class=\"empty-space marg-xs-b15\"><\/div>[\/vc_column][vc_column width=\u00bb1\/4&#8243; offset=\u00bbvc_col-xs-6&#8243;]<a  href=\"https:\/\/www.deorigengastrobar.es\/\" title=\"Restaurante\" target=\"_blank\" class=\"icon mb-0 mt-0 icon--style-1\"><div class=\"icon__wrapper\"><div class=\"icon__front\"><div class=\"icon__wrap\"><div class=\"icon__media\"><img decoding=\"async\" src=\"https:\/\/www.hotelsuitesferiademadrid.com\/web\/wp-content\/uploads\/2022\/04\/restaurante.png\" alt=\"\"><\/div><h3 class=\"icon__title\">Restaurante<\/h3><div class=\"icon__text\">Un restaurante de nueva creaci\u00f3n a su disposici\u00f3n<\/div><\/div><\/div><div class=\"icon__back\"><img decoding=\"async\" class=\"icon__background\" src=\"https:\/\/www.hotelsuitesferiademadrid.com\/web\/wp-content\/uploads\/2022\/04\/restaurante2.png\" alt=\"\"><\/div><\/div><\/a><div class=\"empty-space marg-xs-b15\"><\/div>[\/vc_column][vc_column width=\u00bb1\/4&#8243; offset=\u00bbvc_col-xs-6&#8243;]<a  href=\"https:\/\/www.hotelsuitesferiademadrid.com\/web\/tarifas-concertadas\/\" title=\"Tarifas concertadas\" target=\"_self\" class=\"icon mb-0 mt-0 icon--style-1\"><div class=\"icon__wrapper\"><div class=\"icon__front\"><div class=\"icon__wrap\"><div class=\"icon__media\"><img decoding=\"async\" src=\"https:\/\/www.hotelsuitesferiademadrid.com\/web\/wp-content\/uploads\/2022\/04\/tarifa.png\" alt=\"\"><\/div><h3 class=\"icon__title\">Tarifas concertadas<\/h3><div class=\"icon__text\">Disfruten de unas condiciones y tarifas especiales. todo el a\u00f1o.<\/div><\/div><\/div><div class=\"icon__back\"><img decoding=\"async\" class=\"icon__background\" src=\"https:\/\/www.hotelsuitesferiademadrid.com\/web\/wp-content\/uploads\/2022\/04\/tarifa2.png\" alt=\"\"><\/div><\/div><\/a><div class=\"empty-space marg-xs-b15\"><\/div>[\/vc_column][\/vc_row][vc_row][vc_column]<div  class=\"empty-space  marg-lg-b120 marg-xs-b50\"><\/div>[\/vc_column][\/vc_row][vc_row full_width=\u00bbstretch_row_content_no_spaces\u00bb][vc_column]<div class=\"jumbotron has-overlay\"  data-image=\"https:\/\/www.hotelsuitesferiademadrid.com\/web\/wp-content\/uploads\/2022\/01\/club-hotel-suites-feria-de-madrid.jpg\"><div class=\"container\"><div class=\"row\"><div class=\"col-md-12 jumbotron-text__content\"><div class=\"subtitle subtitle--lg\">Club Hotel Suites Feria de Madrid<\/div><div class=\"title title--lg\">Ventajas desde<br \/>\nsu primera reserva<\/div><div class=\"spacing\" style=\"height: 20px\"><\/div><a class=\"btn btn--md btn--normal\" href=\"https:\/\/www.hotelsuitesferiademadrid.com\/web\/ventajas-club\/\" title=\"Ventajas Club\" target=\"_self\">M\u00e1s informaci\u00f3n<\/a><div class=\"spacing\" style=\"height: 50px\"><\/div><div class=\"counter-wrap\"><div class=\"counter\" data-time=\"11\/23\/2019 00:00:00\" data-translation-days=\"Days\" data-translation-hours=\"Hours\" data-translation-minutes=\"Minutes\" data-translation-seconds=\"Seconds\"><\/div><\/div><\/div><\/div><\/div><\/div>[\/vc_column][\/vc_row][vc_row][vc_column]<div  class=\"empty-space  marg-lg-b115 marg-xs-b50\"><\/div><div  class=\"main-heading\"><span class=\"subtitle\">A todos les gusta nuestro hotel<\/span><h2 class=\"title\" style=\"color:#111111;\">Lo que dicen de nosotros<\/h2><\/div><div  class=\"empty-space  marg-lg-b30 marg-xs-b30\"><\/div>[\/vc_column][\/vc_row][vc_row][vc_column]\n  <div  class=\"testimonial__wrapper\">\n    <div class=\"row\">\n            <div class=\"col-sm-4\">\n        <div class=\"testimonial mb-0 mt-0\">\n                    <div class=\"testimonial__name\">Lucas Maciek<\/div>\n          <div class=\"testimonial__text\"><p>\u201cI<span class=\"JLqJ4b ChMk0b\" data-language-for-alternatives=\"es\" data-language-to-translate-into=\"en\" data-phrase-index=\"0\" data-number-of-phrases=\"4\"><span class=\"Q4iAWc\">ncre\u00edble servicio en la entrada, r\u00e1pido, eficiente, profesional.<\/span><\/span> E<span class=\"JLqJ4b ChMk0b\" data-language-for-alternatives=\"es\" data-language-to-translate-into=\"en\" data-phrase-index=\"1\" data-number-of-phrases=\"4\"><span class=\"Q4iAWc\">xcepcional calidad de la habitaci\u00f3n por el precio.<\/span><\/span> B<span class=\"JLqJ4b ChMk0b\" data-language-for-alternatives=\"es\" data-language-to-translate-into=\"en\" data-phrase-index=\"2\" data-number-of-phrases=\"4\"><span class=\"Q4iAWc\">uen tama\u00f1o, mini &#8216;balc\u00f3n&#8217;.<\/span><\/span> N<span class=\"JLqJ4b ChMk0b\" data-language-for-alternatives=\"es\" data-language-to-translate-into=\"en\" data-phrase-index=\"3\" data-number-of-phrases=\"4\"><span class=\"Q4iAWc\">ada de lo que quejarse en absoluto.<\/span><\/span>\u201d<\/p>\n<\/div>\n                      <img decoding=\"async\" class=\"testimonial__logo\" src=\"\" alt=\"\">\n                  <\/div>\n        <div class=\"empty-space  marg-xs-b5\"><\/div>\n      <\/div>\n            <div class=\"col-sm-4\">\n        <div class=\"testimonial mb-0 mt-0\">\n                    <div class=\"testimonial__name\">Cristi Salanti<\/div>\n          <div class=\"testimonial__text\"><p>\u201c<span class=\"JLqJ4b ChMk0b\" data-language-for-alternatives=\"es\" data-language-to-translate-into=\"en\" data-phrase-index=\"0\" data-number-of-phrases=\"5\"><span class=\"Q4iAWc\">Nos gust\u00f3 mucho.<\/span><\/span> <span class=\"JLqJ4b ChMk0b\" data-language-for-alternatives=\"es\" data-language-to-translate-into=\"en\" data-phrase-index=\"1\" data-number-of-phrases=\"5\"><span class=\"Q4iAWc\">Cerca del metro (unos minutos a pie), cerca del aeropuerto, bastante cerca del centro.<\/span><\/span> <span class=\"JLqJ4b ChMk0b\" data-language-for-alternatives=\"es\" data-language-to-translate-into=\"en\" data-phrase-index=\"2\" data-number-of-phrases=\"5\"><span class=\"Q4iAWc\">\u00c9ramos 4 personas, ten\u00edamos un apartamento grande de 2 habitaciones, 2 ba\u00f1os separados.<\/span><\/span> B<span class=\"JLqJ4b ChMk0b\" data-language-for-alternatives=\"es\" data-language-to-translate-into=\"en\" data-phrase-index=\"3\" data-number-of-phrases=\"5\"><span class=\"Q4iAWc\">uenas camas.<\/span><\/span> A<span class=\"JLqJ4b ChMk0b\" data-language-for-alternatives=\"es\" data-language-to-translate-into=\"en\" data-phrase-index=\"4\" data-number-of-phrases=\"5\"><span class=\"Q4iAWc\">gradables recepcionistas.<\/span><\/span>\u201d<\/p>\n<\/div>\n                      <img decoding=\"async\" class=\"testimonial__logo\" src=\"\" alt=\"\">\n                  <\/div>\n        <div class=\"empty-space  marg-xs-b5\"><\/div>\n      <\/div>\n            <div class=\"col-sm-4\">\n        <div class=\"testimonial mb-0 mt-0\">\n                    <div class=\"testimonial__name\">Carlo Manai<\/div>\n          <div class=\"testimonial__text\"><p><span class=\"JLqJ4b ChMk0b\" data-language-for-alternatives=\"es\" data-language-to-translate-into=\"en\" data-phrase-index=\"0\" data-number-of-phrases=\"3\"><span class=\"Q4iAWc\">\u201cExcelente Hotel muy cerca del Metro \u00abEsperanza\u00bb. Habitaciones espaciosas y limpias. Excelentes desayunos en el restaurante adyacente al hotel. Muy recomendable para visitar Madrid.<\/span><\/span><span class=\"JLqJ4b ChMk0b\" data-language-for-alternatives=\"es\" data-language-to-translate-into=\"en\" data-phrase-index=\"2\" data-number-of-phrases=\"3\"><span class=\"Q4iAWc\">\u201d<\/span><\/span><\/p>\n<\/div>\n                      <img decoding=\"async\" class=\"testimonial__logo\" src=\"\" alt=\"\">\n                  <\/div>\n        <div class=\"empty-space  marg-xs-b5\"><\/div>\n      <\/div>\n          <\/div>\n  <\/div>\n\n  [\/vc_column][\/vc_row][vc_row][vc_column]<div  class=\"empty-space  marg-lg-b110 marg-xs-b50\"><\/div>[\/vc_column][\/vc_row][vc_row full_width=\u00bbstretch_row_content_no_spaces\u00bb][vc_column]<div class=\"text-block \" ><div class=\"simple-text \">\n<\/div><\/div>[\/vc_column][\/vc_row]<\/p>\n","protected":false},"excerpt":{"rendered":"<p>[vc_row full_width=\u00bbstretch_row_content_no_spaces\u00bb][vc_column][\/vc_column][\/vc_row][vc_row full_width=\u00bbstretch_row_content_no_spaces\u00bb][vc_column][\/vc_column][\/vc_row][vc_row][vc_column width=\u00bb1\/2&#8243;][\/vc_column][vc_column width=\u00bb1\/2&#8243;][\/vc_column][\/vc_row][vc_row full_width=\u00bbstretch_row_content_no_spaces\u00bb][vc_column][\/vc_column][\/vc_row][vc_row][vc_column][\/vc_column][\/vc_row][vc_row gap=\u00bb10&#8243;][vc_column width=\u00bb1\/2&#8243;][\/vc_column][vc_column width=\u00bb1\/2&#8243;][\/vc_column][\/vc_row][vc_row][vc_column][\/vc_column][\/vc_row][vc_row full_width=\u00bbstretch_row_content_no_spaces\u00bb][vc_column][\/vc_column][\/vc_row][vc_row][vc_column][\/vc_column][\/vc_row][vc_row][vc_column width=\u00bb1\/4&#8243; offset=\u00bbvc_col-xs-6&#8243;][\/vc_column][vc_column width=\u00bb1\/4&#8243; offset=\u00bbvc_col-xs-6&#8243;][\/vc_column][vc_column width=\u00bb1\/4&#8243; offset=\u00bbvc_col-xs-6&#8243;][\/vc_column][vc_column width=\u00bb1\/4&#8243; offset=\u00bbvc_col-xs-6&#8243;][\/vc_column][\/vc_row][vc_row][vc_column][\/vc_column][\/vc_row][vc_row full_width=\u00bbstretch_row_content_no_spaces\u00bb][vc_column][\/vc_column][\/vc_row][vc_row][vc_column][\/vc_column][\/vc_row][vc_row][vc_column][\/vc_column][\/vc_row][vc_row][vc_column][\/vc_column][\/vc_row][vc_row full_width=\u00bbstretch_row_content_no_spaces\u00bb][vc_column][\/vc_column][\/vc_row]<\/p>\n","protected":false},"author":1,"featured_media":0,"parent":0,"menu_order":0,"comment_status":"closed","ping_status":"closed","template":"","meta":{"_monsterinsights_skip_tracking":false,"_monsterinsights_sitenote_active":false,"_monsterinsights_sitenote_note":"","_monsterinsights_sitenote_category":0,"footnotes":""},"class_list":["post-1132","page","type-page","status-publish","hentry"],"_links":{"self":[{"href":"https:\/\/www.hotelsuitesferiademadrid.com\/web\/wp-json\/wp\/v2\/pages\/1132","targetHints":{"allow":["GET"]}}],"collection":[{"href":"https:\/\/www.hotelsuitesferiademadrid.com\/web\/wp-json\/wp\/v2\/pages"}],"about":[{"href":"https:\/\/www.hotelsuitesferiademadrid.com\/web\/wp-json\/wp\/v2\/types\/page"}],"author":[{"embeddable":true,"href":"https:\/\/www.hotelsuitesferiademadrid.com\/web\/wp-json\/wp\/v2\/users\/1"}],"replies":[{"embeddable":true,"href":"https:\/\/www.hotelsuitesferiademadrid.com\/web\/wp-json\/wp\/v2\/comments?post=1132"}],"version-history":[{"count":71,"href":"https:\/\/www.hotelsuitesferiademadrid.com\/web\/wp-json\/wp\/v2\/pages\/1132\/revisions"}],"predecessor-version":[{"id":1845,"href":"https:\/\/www.hotelsuitesferiademadrid.com\/web\/wp-json\/wp\/v2\/pages\/1132\/revisions\/1845"}],"wp:attachment":[{"href":"https:\/\/www.hotelsuitesferiademadrid.com\/web\/wp-json\/wp\/v2\/media?parent=1132"}],"curies":[{"name":"wp","href":"https:\/\/api.w.org\/{rel}","templated":true}]}}