{"id":1455,"date":"2022-02-01T21:58:13","date_gmt":"2022-02-01T21:58:13","guid":{"rendered":"https:\/\/www.hotelsuitesferiademadrid.com\/web\/?page_id=1455"},"modified":"2024-12-30T12:17:43","modified_gmt":"2024-12-30T12:17:43","slug":"habitaciones-hotel-suites-feria-de-madrid","status":"publish","type":"page","link":"https:\/\/www.hotelsuitesferiademadrid.com\/web\/habitaciones-hotel-suites-feria-de-madrid\/","title":{"rendered":"Habitaciones"},"content":{"rendered":"<p>[vc_row full_width=\u00bbstretch_row_content_no_spaces\u00bb css=\u00bb.vc_custom_1650822664048{padding-top: 150px !important;padding-bottom: 150px !important;background-image: url(https:\/\/www.hotelsuitesferiademadrid.com\/web\/wp-content\/uploads\/2022\/04\/habitaciones-hotel-suites-feria-.jpg?id=1484) !important;background-position: center !important;background-repeat: no-repeat !important;background-size: cover !important;}\u00bb][vc_column]<div  class=\"main-heading\"><span class=\"subtitle\" style=\"font-size:14px;color:rgba(255,255,255,0.79);\">Nuestras habitaciones<\/span><h2 class=\"title\" style=\"font-size:40px;color:#ffffff;\">Pensadas para su comodidad<\/h2><\/div>[\/vc_column][\/vc_row][vc_row full_width=\u00bbstretch_row_content_no_spaces\u00bb][vc_column]<div  class=\"empty-space  marg-lg-b150 marg-xs-b50\"><\/div>[\/vc_column][\/vc_row][vc_row][vc_column width=\u00bb1\/2&#8243;]<div  class=\"text-block__signature\"><div class=\"subtitle subtitle--left subtitle--sm\">En el Hotel Suites Feria de Madrid<\/div><div class=\"title title--left title-color-black title--sm\"><h2>Cuidamos los detalles con mimo<\/h2><\/div><div class=\"spacing\" style=\"height: 4px\"><\/div><div class=\"text\"><p>Las habitaciones son amplias, luminosas y totalmente equipadas con todo tipo de elementos para hacer de su estancia un total \u00e9xito: caja de seguridad (con cargo), Tel\u00e9fono, Aire acondicionado, calefacci\u00f3n, amenities, acceso Internet, servicio despertador y escritorio.<\/p>\n<p>Se completan las instalaciones del hotel con: Instalaciones para reuniones y banquetes, recepci\u00f3n permanente (24 horas), limpieza diaria, parking.<\/p><\/div><div class=\"spacing\" style=\"height: 15px\"><\/div><\/div><div  class=\"empty-space  marg-xs-b20\"><\/div>[\/vc_column][vc_column width=\u00bb1\/2&#8243;]<div  class=\"block mb-0 block--image-gallery\"><div class=\"block__content\"><div class=\"image-gallery\"><div class=\"image-gallery__main\"><div class=\"image-gallery__item\"><img decoding=\"async\" src=\"https:\/\/www.hotelsuitesferiademadrid.com\/web\/wp-content\/uploads\/2024\/12\/IMG_E1075-748x400.jpg\" alt=\"\"><\/div><div class=\"image-gallery__item\"><img decoding=\"async\" src=\"https:\/\/www.hotelsuitesferiademadrid.com\/web\/wp-content\/uploads\/2024\/12\/IMG_1073-748x400.jpg\" alt=\"\"><\/div><div class=\"image-gallery__item\"><img decoding=\"async\" src=\"https:\/\/www.hotelsuitesferiademadrid.com\/web\/wp-content\/uploads\/2024\/12\/IMG_0567-748x400.jpg\" alt=\"\"><\/div><div class=\"image-gallery__item\"><img decoding=\"async\" src=\"https:\/\/www.hotelsuitesferiademadrid.com\/web\/wp-content\/uploads\/2024\/12\/1.1-1-748x400.jpg\" alt=\"\"><\/div><div class=\"image-gallery__item\"><img decoding=\"async\" src=\"https:\/\/www.hotelsuitesferiademadrid.com\/web\/wp-content\/uploads\/2024\/12\/2banos-748x400.jpg\" alt=\"\"><\/div><\/div><ul class=\"image-gallery__thumbs\"><li class=\"image-gallery__thumb\"><button class=\"image-gallery__button\"><img decoding=\"async\" src=\"https:\/\/www.hotelsuitesferiademadrid.com\/web\/wp-content\/uploads\/2024\/12\/IMG_E1075-178x95.jpg\" alt=\"\"><\/button><\/li><li class=\"image-gallery__thumb\"><button class=\"image-gallery__button\"><img decoding=\"async\" src=\"https:\/\/www.hotelsuitesferiademadrid.com\/web\/wp-content\/uploads\/2024\/12\/IMG_1073-178x95.jpg\" alt=\"\"><\/button><\/li><li class=\"image-gallery__thumb\"><button class=\"image-gallery__button\"><img decoding=\"async\" src=\"https:\/\/www.hotelsuitesferiademadrid.com\/web\/wp-content\/uploads\/2024\/12\/IMG_0567-178x95.jpg\" alt=\"\"><\/button><\/li><li class=\"image-gallery__thumb\"><button class=\"image-gallery__button\"><img decoding=\"async\" src=\"https:\/\/www.hotelsuitesferiademadrid.com\/web\/wp-content\/uploads\/2024\/12\/1.1-1-178x95.jpg\" alt=\"\"><\/button><\/li><li class=\"image-gallery__thumb\"><button class=\"image-gallery__button\"><img decoding=\"async\" src=\"https:\/\/www.hotelsuitesferiademadrid.com\/web\/wp-content\/uploads\/2024\/12\/2banos-178x95.jpg\" alt=\"\"><\/button><\/li><\/ul><\/div><\/div><\/div>[\/vc_column][\/vc_row][vc_row full_width=\u00bbstretch_row_content_no_spaces\u00bb][vc_column]<div  class=\"empty-space  marg-lg-b150 marg-xs-b50\"><\/div>[\/vc_column][\/vc_row][vc_row full_width=\u00bbstretch_row_content_no_spaces\u00bb][vc_column]<div  class=\"hb-text-block__wrapper style1\" style=\"background-color:#f2f2f2;\"><div class=\"row\"><div class=\"col-md-6\"><div class=\"hb-image__block\"><img decoding=\"async\" src=\"https:\/\/www.hotelsuitesferiademadrid.com\/web\/wp-content\/uploads\/2024\/12\/foto2.jpg\" alt=\"\" \/><\/div><\/div><div class=\"col-md-6\"><div class=\"hb-text_block_content\"><div class=\"hb-text-block___inner_wrapper\"><div class=\"featured-rooms-slider__title title-color-black\">Dise\u00f1o, comodidad y tecnolog\u00eda<\/div><div class=\"featured-rooms-slider__text content-color-grey\">Todas las habitaciones del Hotel Suites Feria de Madrid est\u00e1n dise\u00f1ada y decoradas con mimo para para que disfrute de un ambiente agradable y moderno. Todas disponen de SMART TV, aire acondicionado , escritorio de trabajo, butaca, tel\u00e9fono, nevera, caja de seguridad\u00a0 conexi\u00f3n a internet por cable y conexi\u00f3n Wifi gratuita.<\/div><a class=\"btn btn--md btn--normal\" href=\"https:\/\/www.secure-hotel-booking.com\/Suites-feria-madrid\/JRFD\/search?hotelId=25497\" title=\"button\" target=\"_blank\">RESERVAR AHORA<\/a><\/div><\/div><\/div><\/div><\/div>[\/vc_column][\/vc_row][vc_row full_width=\u00bbstretch_row_content_no_spaces\u00bb][vc_column]<div  class=\"hb-text-block__wrapper style2\"><div class=\"row\"><div class=\"col-md-6\"><div class=\"hb-text_block_content\"><div class=\"hb-text-block___inner_wrapper text-right\"><div class=\"featured-rooms-slider__title title-color-black\">Habitaciones dobles con cama supletoria<\/div><div class=\"featured-rooms-slider__text content-color-grey\">Un espacio donde tres adultos o parejas con un ni\u00f1o pueden compartir la misma habitaci\u00f3n al mejor precio.<\/div><a class=\"btn btn--md btn--normal\" href=\"https:\/\/www.secure-hotel-booking.com\/Suites-feria-madrid\/JRFD\/search?hotelId=25497\" title=\"button\" target=\"_blank\">RESERVAR AHORA<\/a><\/div><\/div><\/div><div class=\"col-md-6\"><div class=\"hb-image__block\"><img decoding=\"async\" src=\"https:\/\/www.hotelsuitesferiademadrid.com\/web\/wp-content\/uploads\/2022\/04\/habitaciones-dobles-cama-supletoria-hotel-suites-feria.jpg\" alt=\"\" \/><\/div><\/div><\/div><\/div>[\/vc_column][\/vc_row][vc_row full_width=\u00bbstretch_row_content_no_spaces\u00bb][vc_column]<div  class=\"hb-text-block__wrapper style1\" style=\"background-color:#f2f2f2;\"><div class=\"row\"><div class=\"col-md-6\"><div class=\"hb-image__block\"><img decoding=\"async\" src=\"https:\/\/www.hotelsuitesferiademadrid.com\/web\/wp-content\/uploads\/2022\/04\/habitaciones-matrimonial-hotel-suites-feria.jpg\" alt=\"\" \/><\/div><\/div><div class=\"col-md-6\"><div class=\"hb-text_block_content\"><div class=\"hb-text-block___inner_wrapper\"><div class=\"featured-rooms-slider__title title-color-black\">Habitaciones matrimonial<\/div><div class=\"featured-rooms-slider__text content-color-grey\">Ideal para un fin de semana rom\u00e1ntico. Con decoraci\u00f3n moderna, es una habitaci\u00f3n luminosa con una cama matrimonial.<\/div><a class=\"btn btn--md btn--normal\" href=\"https:\/\/www.secure-hotel-booking.com\/Suites-feria-madrid\/JRFD\/search?hotelId=25497\" title=\"button\" target=\"_blank\">RESERVAR AHORA<\/a><\/div><\/div><\/div><\/div><\/div>[\/vc_column][\/vc_row][vc_row full_width=\u00bbstretch_row_content_no_spaces\u00bb][vc_column]<div  class=\"hb-text-block__wrapper style2\"><div class=\"row\"><div class=\"col-md-6\"><div class=\"hb-text_block_content\"><div class=\"hb-text-block___inner_wrapper text-right\"><div class=\"featured-rooms-slider__title title-color-black\">Suites familiares<\/div><div class=\"featured-rooms-slider__text content-color-grey\">Suites de dos estancias y dos ba\u00f1os con capacidad de hasta 6 personas ideal para familias o viajeros de larga estancia.<\/div><a class=\"btn btn--md btn--normal\" href=\"https:\/\/www.secure-hotel-booking.com\/Suites-feria-madrid\/JRFD\/search?hotelId=25497\" title=\"button\" target=\"_blank\">RESERVAR AHORA<\/a><\/div><\/div><\/div><div class=\"col-md-6\"><div class=\"hb-image__block\"><img decoding=\"async\" src=\"https:\/\/www.hotelsuitesferiademadrid.com\/web\/wp-content\/uploads\/2022\/04\/habitaciones-suites-familiares-hotel-suites-feria.jpg\" alt=\"\" \/><\/div><\/div><\/div><\/div>[\/vc_column][\/vc_row]<\/p>\n","protected":false},"excerpt":{"rendered":"<p>[vc_row full_width=\u00bbstretch_row_content_no_spaces\u00bb css=\u00bb.vc_custom_1650822664048{padding-top: 150px !important;padding-bottom: 150px !important;background-image: url(https:\/\/www.hotelsuitesferiademadrid.com\/web\/wp-content\/uploads\/2022\/04\/habitaciones-hotel-suites-feria-.jpg?id=1484) !important;background-position: center !important;background-repeat: no-repeat !important;background-size: cover !important;}\u00bb][vc_column][\/vc_column][\/vc_row][vc_row full_width=\u00bbstretch_row_content_no_spaces\u00bb][vc_column][\/vc_column][\/vc_row][vc_row][vc_column width=\u00bb1\/2&#8243;][\/vc_column][vc_column width=\u00bb1\/2&#8243;][\/vc_column][\/vc_row][vc_row full_width=\u00bbstretch_row_content_no_spaces\u00bb][vc_column][\/vc_column][\/vc_row][vc_row full_width=\u00bbstretch_row_content_no_spaces\u00bb][vc_column][\/vc_column][\/vc_row][vc_row full_width=\u00bbstretch_row_content_no_spaces\u00bb][vc_column][\/vc_column][\/vc_row][vc_row full_width=\u00bbstretch_row_content_no_spaces\u00bb][vc_column][\/vc_column][\/vc_row][vc_row full_width=\u00bbstretch_row_content_no_spaces\u00bb][vc_column][\/vc_column][\/vc_row]<\/p>\n","protected":false},"author":1,"featured_media":0,"parent":0,"menu_order":0,"comment_status":"closed","ping_status":"closed","template":"","meta":{"_monsterinsights_skip_tracking":false,"_monsterinsights_sitenote_active":false,"_monsterinsights_sitenote_note":"","_monsterinsights_sitenote_category":0,"footnotes":""},"class_list":["post-1455","page","type-page","status-publish","hentry"],"_links":{"self":[{"href":"https:\/\/www.hotelsuitesferiademadrid.com\/web\/wp-json\/wp\/v2\/pages\/1455","targetHints":{"allow":["GET"]}}],"collection":[{"href":"https:\/\/www.hotelsuitesferiademadrid.com\/web\/wp-json\/wp\/v2\/pages"}],"about":[{"href":"https:\/\/www.hotelsuitesferiademadrid.com\/web\/wp-json\/wp\/v2\/types\/page"}],"author":[{"embeddable":true,"href":"https:\/\/www.hotelsuitesferiademadrid.com\/web\/wp-json\/wp\/v2\/users\/1"}],"replies":[{"embeddable":true,"href":"https:\/\/www.hotelsuitesferiademadrid.com\/web\/wp-json\/wp\/v2\/comments?post=1455"}],"version-history":[{"count":17,"href":"https:\/\/www.hotelsuitesferiademadrid.com\/web\/wp-json\/wp\/v2\/pages\/1455\/revisions"}],"predecessor-version":[{"id":1457,"href":"https:\/\/www.hotelsuitesferiademadrid.com\/web\/wp-json\/wp\/v2\/pages\/1455\/revisions\/1457"}],"wp:attachment":[{"href":"https:\/\/www.hotelsuitesferiademadrid.com\/web\/wp-json\/wp\/v2\/media?parent=1455"}],"curies":[{"name":"wp","href":"https:\/\/api.w.org\/{rel}","templated":true}]}}

<p>[vc_row full_width=»stretch_row_content_no_spaces» css=».vc_custom_1650822664048{padding-top: 150px !important;padding-bottom: 150px !important;background-image: url(https://www.hotelsuitesferiademadrid.com/web/wp-content/uploads/2022/04/habitaciones-hotel-suites-feria-.jpg?id=1484) !important;background-position: center !important;background-repeat: no-repeat !important;background-size: cover !important;}»][vc_column]<div  class="main-heading"><span class="subtitle" style="font-size:14px;color:rgba(255,255,255,0.79);">Nuestras habitaciones</span><h2 class="title" style="font-size:40px;color:#ffffff;">Pensadas para su comodidad</h2></div>[/vc_column][/vc_row][vc_row full_width=»stretch_row_content_no_spaces»][vc_column]<div  class="empty-space  marg-lg-b150 marg-xs-b50"></div>[/vc_column][/vc_row][vc_row][vc_column width=»1/2&#8243;]<div  class="text-block__signature"><div class="subtitle subtitle--left subtitle--sm">En el Hotel Suites Feria de Madrid</div><div class="title title--left title-color-black title--sm"><h2>Cuidamos los detalles con mimo</h2></div><div class="spacing" style="height: 4px"></div><div class="text"><p>Las habitaciones son amplias, luminosas y totalmente equipadas con todo tipo de elementos para hacer de su estancia un total éxito: caja de seguridad (con cargo), Teléfono, Aire acondicionado, calefacción, amenities, acceso Internet, servicio despertador y escritorio.</p>
<p>Se completan las instalaciones del hotel con: Instalaciones para reuniones y banquetes, recepción permanente (24 horas), limpieza diaria, parking.</p></div><div class="spacing" style="height: 15px"></div></div><div  class="empty-space  marg-xs-b20"></div>[/vc_column][vc_column width=»1/2&#8243;]<div  class="block mb-0 block--image-gallery"><div class="block__content"><div class="image-gallery"><div class="image-gallery__main"><div class="image-gallery__item"><img decoding="async" src="https://www.hotelsuitesferiademadrid.com/web/wp-content/uploads/2024/12/IMG_E1075-748x400.jpg" alt=""></div><div class="image-gallery__item"><img decoding="async" src="https://www.hotelsuitesferiademadrid.com/web/wp-content/uploads/2024/12/IMG_1073-748x400.jpg" alt=""></div><div class="image-gallery__item"><img decoding="async" src="https://www.hotelsuitesferiademadrid.com/web/wp-content/uploads/2024/12/IMG_0567-748x400.jpg" alt=""></div><div class="image-gallery__item"><img decoding="async" src="https://www.hotelsuitesferiademadrid.com/web/wp-content/uploads/2024/12/1.1-1-748x400.jpg" alt=""></div><div class="image-gallery__item"><img decoding="async" src="https://www.hotelsuitesferiademadrid.com/web/wp-content/uploads/2024/12/2banos-748x400.jpg" alt=""></div></div><ul class="image-gallery__thumbs"><li class="image-gallery__thumb"><button class="image-gallery__button"><img decoding="async" src="https://www.hotelsuitesferiademadrid.com/web/wp-content/uploads/2024/12/IMG_E1075-178x95.jpg" alt=""></button></li><li class="image-gallery__thumb"><button class="image-gallery__button"><img decoding="async" src="https://www.hotelsuitesferiademadrid.com/web/wp-content/uploads/2024/12/IMG_1073-178x95.jpg" alt=""></button></li><li class="image-gallery__thumb"><button class="image-gallery__button"><img decoding="async" src="https://www.hotelsuitesferiademadrid.com/web/wp-content/uploads/2024/12/IMG_0567-178x95.jpg" alt=""></button></li><li class="image-gallery__thumb"><button class="image-gallery__button"><img decoding="async" src="https://www.hotelsuitesferiademadrid.com/web/wp-content/uploads/2024/12/1.1-1-178x95.jpg" alt=""></button></li><li class="image-gallery__thumb"><button class="image-gallery__button"><img decoding="async" src="https://www.hotelsuitesferiademadrid.com/web/wp-content/uploads/2024/12/2banos-178x95.jpg" alt=""></button></li></ul></div></div></div>[/vc_column][/vc_row][vc_row full_width=»stretch_row_content_no_spaces»][vc_column]<div  class="empty-space  marg-lg-b150 marg-xs-b50"></div>[/vc_column][/vc_row][vc_row full_width=»stretch_row_content_no_spaces»][vc_column]<div  class="hb-text-block__wrapper style1" style="background-color:#f2f2f2;"><div class="row"><div class="col-md-6"><div class="hb-image__block"><img decoding="async" src="https://www.hotelsuitesferiademadrid.com/web/wp-content/uploads/2024/12/foto2.jpg" alt="" /></div></div><div class="col-md-6"><div class="hb-text_block_content"><div class="hb-text-block___inner_wrapper"><div class="featured-rooms-slider__title title-color-black">Diseño, comodidad y tecnología</div><div class="featured-rooms-slider__text content-color-grey">Todas las habitaciones del Hotel Suites Feria de Madrid están diseñada y decoradas con mimo para para que disfrute de un ambiente agradable y moderno. Todas disponen de SMART TV, aire acondicionado , escritorio de trabajo, butaca, teléfono, nevera, caja de seguridad  conexión a internet por cable y conexión Wifi gratuita.</div><a class="btn btn--md btn--normal" href="https://www.secure-hotel-booking.com/Suites-feria-madrid/JRFD/search?hotelId=25497" title="button" target="_blank">RESERVAR AHORA</a></div></div></div></div></div>[/vc_column][/vc_row][vc_row full_width=»stretch_row_content_no_spaces»][vc_column]<div  class="hb-text-block__wrapper style2"><div class="row"><div class="col-md-6"><div class="hb-text_block_content"><div class="hb-text-block___inner_wrapper text-right"><div class="featured-rooms-slider__title title-color-black">Habitaciones dobles con cama supletoria</div><div class="featured-rooms-slider__text content-color-grey">Un espacio donde tres adultos o parejas con un niño pueden compartir la misma habitación al mejor precio.</div><a class="btn btn--md btn--normal" href="https://www.secure-hotel-booking.com/Suites-feria-madrid/JRFD/search?hotelId=25497" title="button" target="_blank">RESERVAR AHORA</a></div></div></div><div class="col-md-6"><div class="hb-image__block"><img decoding="async" src="https://www.hotelsuitesferiademadrid.com/web/wp-content/uploads/2022/04/habitaciones-dobles-cama-supletoria-hotel-suites-feria.jpg" alt="" /></div></div></div></div>[/vc_column][/vc_row][vc_row full_width=»stretch_row_content_no_spaces»][vc_column]<div  class="hb-text-block__wrapper style1" style="background-color:#f2f2f2;"><div class="row"><div class="col-md-6"><div class="hb-image__block"><img decoding="async" src="https://www.hotelsuitesferiademadrid.com/web/wp-content/uploads/2022/04/habitaciones-matrimonial-hotel-suites-feria.jpg" alt="" /></div></div><div class="col-md-6"><div class="hb-text_block_content"><div class="hb-text-block___inner_wrapper"><div class="featured-rooms-slider__title title-color-black">Habitaciones matrimonial</div><div class="featured-rooms-slider__text content-color-grey">Ideal para un fin de semana romántico. Con decoración moderna, es una habitación luminosa con una cama matrimonial.</div><a class="btn btn--md btn--normal" href="https://www.secure-hotel-booking.com/Suites-feria-madrid/JRFD/search?hotelId=25497" title="button" target="_blank">RESERVAR AHORA</a></div></div></div></div></div>[/vc_column][/vc_row][vc_row full_width=»stretch_row_content_no_spaces»][vc_column]<div  class="hb-text-block__wrapper style2"><div class="row"><div class="col-md-6"><div class="hb-text_block_content"><div class="hb-text-block___inner_wrapper text-right"><div class="featured-rooms-slider__title title-color-black">Suites familiares</div><div class="featured-rooms-slider__text content-color-grey">Suites de dos estancias y dos baños con capacidad de hasta 6 personas ideal para familias o viajeros de larga estancia.</div><a class="btn btn--md btn--normal" href="https://www.secure-hotel-booking.com/Suites-feria-madrid/JRFD/search?hotelId=25497" title="button" target="_blank">RESERVAR AHORA</a></div></div></div><div class="col-md-6"><div class="hb-image__block"><img decoding="async" src="https://www.hotelsuitesferiademadrid.com/web/wp-content/uploads/2022/04/habitaciones-suites-familiares-hotel-suites-feria.jpg" alt="" /></div></div></div></div>[/vc_column][/vc_row]</p>
